[INFO] cloning repository https://github.com/alex179ohm/warp-test-ws
[INFO] running `Command { std: "git" "-c" "credential.helper=" "-c" "credential.helper=/workspace/cargo-home/bin/git-credential-null" "clone" "--bare" "https://github.com/alex179ohm/warp-test-ws" "/workspace/cache/git-repos/https%3A%2F%2Fgithub.com%2Falex179ohm%2Fwarp-test-ws", kill_on_drop: false }`
[INFO] [stderr] Cloning into bare repository '/workspace/cache/git-repos/https%3A%2F%2Fgithub.com%2Falex179ohm%2Fwarp-test-ws'...
[INFO] running `Command { std: "git" "rev-parse" "HEAD", kill_on_drop: false }`
[INFO] [stdout] b14b2ca71166f576b0b71d178d7ee331e89b0c4e
[INFO] checking alex179ohm/warp-test-ws against master#af3c6e733a40e671550e0f0f5aeecaa13772ba56 for pr-74989
[INFO] running `Command { std: "git" "clone" "/workspace/cache/git-repos/https%3A%2F%2Fgithub.com%2Falex179ohm%2Fwarp-test-ws" "/workspace/builds/worker-11/source", kill_on_drop: false }`
[INFO] [stderr] Cloning into '/workspace/builds/worker-11/source'...
[INFO] [stderr] done.
[INFO] validating manifest of git repo https://github.com/alex179ohm/warp-test-ws on toolchain af3c6e733a40e671550e0f0f5aeecaa13772ba56
[INFO] running `Command { std: "/workspace/cargo-home/bin/cargo" "+af3c6e733a40e671550e0f0f5aeecaa13772ba56" "read-manifest" "--manifest-path" "Cargo.toml", kill_on_drop: false }`
[INFO] started tweaking git repo https://github.com/alex179ohm/warp-test-ws
[INFO] finished tweaking git repo https://github.com/alex179ohm/warp-test-ws
[INFO] tweaked toml for git repo https://github.com/alex179ohm/warp-test-ws written to /workspace/builds/worker-11/source/Cargo.toml
[INFO] crate git repo https://github.com/alex179ohm/warp-test-ws already has a lockfile, it will not be regenerated
[INFO] running `Command { std: "/workspace/cargo-home/bin/cargo" "+af3c6e733a40e671550e0f0f5aeecaa13772ba56" "fetch" "--locked" "--manifest-path" "Cargo.toml", kill_on_drop: false }`
[INFO] running `Command { std: "docker" "create" "-v" "/var/lib/crater-agent-workspace/builds/worker-11/target:/opt/rustwide/target:rw,Z" "-v" "/var/lib/crater-agent-workspace/builds/worker-11/source:/opt/rustwide/workdir:ro,Z" "-v" "/var/lib/crater-agent-workspace/cargo-home:/opt/rustwide/cargo-home:ro,Z" "-v" "/var/lib/crater-agent-workspace/rustup-home:/opt/rustwide/rustup-home:ro,Z" "-e" "SOURCE_DIR=/opt/rustwide/workdir" "-e" "CARGO_TARGET_DIR=/opt/rustwide/target" "-e" "CARGO_HOME=/opt/rustwide/cargo-home" "-e" "RUSTUP_HOME=/opt/rustwide/rustup-home" "-w" "/opt/rustwide/workdir" "-m" "1610612736" "--user" "0:0" "--network" "none" "rustops/crates-build-env@sha256:d92eaeed33fa75130ca1ee6c8a01d1ffb62bac859dfdfb3450e3e5d1c0146529" "/opt/rustwide/cargo-home/bin/cargo" "+af3c6e733a40e671550e0f0f5aeecaa13772ba56" "metadata" "--no-deps" "--format-version=1", kill_on_drop: false }`
[INFO] [stderr] WARNING: Your kernel does not support swap limit capabilities or the cgroup is not mounted. Memory limited without swap.
[INFO] [stdout] dff11c53cbf15e248ad3968ccfdd2a72456608f2b48c98fa8b1bf62278f68dc7
[INFO] running `Command { std: "docker" "start" "-a" "dff11c53cbf15e248ad3968ccfdd2a72456608f2b48c98fa8b1bf62278f68dc7", kill_on_drop: false }`
[INFO] running `Command { std: "docker" "inspect" "dff11c53cbf15e248ad3968ccfdd2a72456608f2b48c98fa8b1bf62278f68dc7", kill_on_drop: false }`
[INFO] running `Command { std: "docker" "rm" "-f" "dff11c53cbf15e248ad3968ccfdd2a72456608f2b48c98fa8b1bf62278f68dc7", kill_on_drop: false }`
[INFO] [stdout] dff11c53cbf15e248ad3968ccfdd2a72456608f2b48c98fa8b1bf62278f68dc7
[INFO] running `Command { std: "docker" "create" "-v" "/var/lib/crater-agent-workspace/builds/worker-11/target:/opt/rustwide/target:rw,Z" "-v" "/var/lib/crater-agent-workspace/builds/worker-11/source:/opt/rustwide/workdir:ro,Z" "-v" "/var/lib/crater-agent-workspace/cargo-home:/opt/rustwide/cargo-home:ro,Z" "-v" "/var/lib/crater-agent-workspace/rustup-home:/opt/rustwide/rustup-home:ro,Z" "-e" "SOURCE_DIR=/opt/rustwide/workdir" "-e" "CARGO_TARGET_DIR=/opt/rustwide/target" "-e" "CARGO_INCREMENTAL=0" "-e" "RUST_BACKTRACE=full" "-e" "RUSTFLAGS=--cap-lints=forbid" "-e" "CARGO_HOME=/opt/rustwide/cargo-home" "-e" "RUSTUP_HOME=/opt/rustwide/rustup-home" "-w" "/opt/rustwide/workdir" "-m" "1610612736" "--user" "0:0" "--network" "none" "rustops/crates-build-env@sha256:d92eaeed33fa75130ca1ee6c8a01d1ffb62bac859dfdfb3450e3e5d1c0146529" "/opt/rustwide/cargo-home/bin/cargo" "+af3c6e733a40e671550e0f0f5aeecaa13772ba56" "check" "--frozen" "--all" "--all-targets" "--message-format=json", kill_on_drop: false }`
[INFO] [stdout] 1a253af33cb774eb17c0cde38c79dbaa1ec1a645c48113a1ae7489444e19ea3c
[INFO] [stderr] WARNING: Your kernel does not support swap limit capabilities or the cgroup is not mounted. Memory limited without swap.
[INFO] running `Command { std: "docker" "start" "-a" "1a253af33cb774eb17c0cde38c79dbaa1ec1a645c48113a1ae7489444e19ea3c", kill_on_drop: false }`
[INFO] [stderr]    Compiling libc v0.2.68
[INFO] [stderr]     Checking cfg-if v0.1.10
[INFO] [stderr]    Compiling proc-macro2 v1.0.9
[INFO] [stderr]    Compiling memchr v2.3.3
[INFO] [stderr]    Compiling autocfg v0.1.7
[INFO] [stderr]    Compiling typenum v1.11.2
[INFO] [stderr]    Compiling rand_core v0.4.2
[INFO] [stderr]    Compiling getrandom v0.1.14
[INFO] [stderr]     Checking smallvec v1.2.0
[INFO] [stderr]    Compiling byteorder v1.3.4
[INFO] [stderr]     Checking byte-tools v0.3.1
[INFO] [stderr]     Checking ppv-lite86 v0.2.6
[INFO] [stderr]     Checking opaque-debug v0.2.3
[INFO] [stderr]    Compiling version_check v0.9.1
[INFO] [stderr]     Checking percent-encoding v2.1.0
[INFO] [stderr]     Checking subtle v1.0.0
[INFO] [stderr]    Compiling bitflags v1.2.1
[INFO] [stderr]    Compiling ryu v1.0.3
[INFO] [stderr]     Checking scopeguard v1.1.0
[INFO] [stderr]     Checking utf-8 v0.7.5
[INFO] [stderr]     Checking mime v0.3.16
[INFO] [stderr]     Checking safemem v0.3.3
[INFO] [stderr]     Checking base64 v0.11.0
[INFO] [stderr]     Checking remove_dir_all v0.5.2
[INFO] [stderr]     Checking futures-timer v2.0.2
[INFO] [stderr]     Checking dtoa v0.4.5
[INFO] [stderr]     Checking scoped-tls v1.0.0
[INFO] [stderr]     Checking input_buffer v0.3.1
[INFO] [stderr]     Checking http v0.2.0
[INFO] [stderr]     Checking block-padding v0.1.5
[INFO] [stderr]    Compiling indexmap v1.3.2
[INFO] [stderr]     Checking rand_core v0.3.1
[INFO] [stderr]     Checking rand_jitter v0.1.4
[INFO] [stderr]     Checking lock_api v0.3.3
[INFO] [stderr]     Checking unicode-normalization v0.1.12
[INFO] [stderr]     Checking log v0.4.8
[INFO] [stderr]     Checking rand_isaac v0.1.1
[INFO] [stderr]     Checking rand_hc v0.1.0
[INFO] [stderr]     Checking rand_xorshift v0.1.1
[INFO] [stderr]    Compiling phf v0.7.24
[INFO] [stderr]    Compiling unicase v2.6.0
[INFO] [stderr]     Checking log v0.3.9
[INFO] [stderr]     Checking want v0.3.0
[INFO] [stderr]    Compiling rand_pcg v0.1.2
[INFO] [stderr]    Compiling rand_chacha v0.1.1
[INFO] [stderr]    Compiling rand v0.6.5
[INFO] [stderr]     Checking serde_json v1.0.48
[INFO] [stderr]     Checking twoway v0.1.8
[INFO] [stderr]     Checking buf_redux v0.8.4
[INFO] [stderr]     Checking mime v0.2.6
[INFO] [stderr]    Compiling quote v1.0.3
[INFO] [stderr]     Checking generic-array v0.12.3
[INFO] [stderr]    Compiling syn v1.0.17
[INFO] [stderr]     Checking iovec v0.1.4
[INFO] [stderr]     Checking net2 v0.2.33
[INFO] [stderr]     Checking signal-hook-registry v1.2.0
[INFO] [stderr]     Checking num_cpus v1.12.0
[INFO] [stderr]     Checking time v0.1.42
[INFO] [stderr]     Checking rand_os v0.1.3
[INFO] [stderr]     Checking parking_lot_core v0.7.0
[INFO] [stderr]    Compiling mime_guess v2.0.3
[INFO] [stderr]     Checking idna v0.2.0
[INFO] [stderr]     Checking stringprep v0.1.2
[INFO] [stderr]     Checking rand_core v0.5.1
[INFO] [stderr]     Checking digest v0.8.1
[INFO] [stderr]     Checking block-buffer v0.7.3
[INFO] [stderr]     Checking crypto-mac v0.7.0
[INFO] [stderr]     Checking parking_lot v0.10.0
[INFO] [stderr]     Checking mio v0.6.21
[INFO] [stderr]     Checking hmac v0.7.1
[INFO] [stderr]     Checking sha2 v0.8.1
[INFO] [stderr]     Checking sha-1 v0.8.2
[INFO] [stderr]     Checking rand_chacha v0.2.2
[INFO] [stderr]     Checking rand v0.7.3
[INFO] [stderr]     Checking url v2.1.1
[INFO] [stderr]     Checking mio-uds v0.6.7
[INFO] [stderr]     Checking headers-core v0.2.0
[INFO] [stderr]     Checking http-body v0.3.1
[INFO] [stderr]     Checking headers v0.3.2
[INFO] [stderr]     Checking serde_urlencoded v0.6.1
[INFO] [stderr]     Checking postgres-protocol v0.5.1
[INFO] [stderr]     Checking tungstenite v0.10.1
[INFO] [stderr]     Checking tempfile v3.1.0
[INFO] [stderr]    Compiling phf_generator v0.7.24
[INFO] [stderr]    Compiling phf_codegen v0.7.24
[INFO] [stderr]    Compiling mime_guess v1.8.8
[INFO] [stderr]     Checking postgres-types v0.1.1
[INFO] [stderr]     Checking multipart v0.16.1
[INFO] [stderr]    Compiling futures-macro v0.3.4
[INFO] [stderr]    Compiling tokio-macros v0.2.5
[INFO] [stderr]    Compiling pin-project-internal v0.4.8
[INFO] [stderr]    Compiling async-trait v0.1.26
[INFO] [stderr]     Checking tokio v0.2.13
[INFO] [stderr]     Checking futures-util v0.3.4
[INFO] [stderr]     Checking pin-project v0.4.8
[INFO] [stderr]     Checking futures-executor v0.3.4
[INFO] [stderr]     Checking futures v0.3.4
[INFO] [stderr]     Checking tokio-util v0.2.0
[INFO] [stderr]     Checking tokio-util v0.3.1
[INFO] [stderr]     Checking mobc v0.5.7
[INFO] [stderr]     Checking tokio-tungstenite v0.10.1
[INFO] [stderr]     Checking h2 v0.2.2
[INFO] [stderr]     Checking tokio-postgres v0.5.3
[INFO] [stderr]     Checking hyper v0.13.4
[INFO] [stderr]     Checking mobc-postgres v0.5.0
[INFO] [stderr]     Checking warp v0.2.2
[INFO] [stderr]     Checking warp-websocket-test v0.1.0 (/opt/rustwide/workdir)
[INFO] [stdout] error[E0515]: cannot return value referencing temporary value
[INFO] [stdout]    --> src/main.rs:103:40
[INFO] [stdout]     |
[INFO] [stdout] 103 |     let db_client = warp::any().map(|| pool.clone().get_conn());
[INFO] [stdout]     |                                        ------------^^^^^^^^^^^
[INFO] [stdout]     |                                        |
[INFO] [stdout]     |                                        returns a value referencing data owned by the current function
[INFO] [stdout]     |                                        temporary value created here
[INFO] [stdout] 
[INFO] [stdout] 
[INFO] [stdout] error[E0373]: closure may outlive the current function, but it borrows `pool`, which is owned by the current function
[INFO] [stdout]    --> src/main.rs:103:37
[INFO] [stdout]     |
[INFO] [stdout] 103 |     let db_client = warp::any().map(|| pool.clone().get_conn());
[INFO] [stdout]     |                                     ^^ ---- `pool` is borrowed here
[INFO] [stdout]     |                                     |
[INFO] [stdout]     |                                     may outlive borrowed value `pool`
[INFO] [stdout]     |
[INFO] [stdout] note: function requires argument type to outlive `'static`
[INFO] [stdout]    --> src/main.rs:103:21
[INFO] [stdout]     |
[INFO] [stdout] 103 |     let db_client = warp::any().map(|| pool.clone().get_conn());
[INFO] [stdout]     |                     ^^^^^^^^^^^^^^^^^^^^^^^^^^^^^^^^^^^^^^^^^^^
[INFO] [stdout] help: to force the closure to take ownership of `pool` (and any other referenced variables), use the `move` keyword
[INFO] [stdout]     |
[INFO] [stdout] 103 |     let db_client = warp::any().map(move || pool.clone().get_conn());
[INFO] [stdout]     |                                     ^^^^^^^
[INFO] [stdout] 
[INFO] [stdout] 
[INFO] [stdout] error: aborting due to 2 previous errors
[INFO] [stdout] 
[INFO] [stdout] 
[INFO] [stdout] Some errors have detailed explanations: E0373, E0515.
[INFO] [stdout] 
[INFO] [stdout] For more information about an error, try `rustc --explain E0373`.
[INFO] [stdout] 
[INFO] [stderr] error: could not compile `warp-websocket-test`.
[INFO] [stderr] 
[INFO] [stderr] To learn more, run the command again with --verbose.
[INFO] [stderr] warning: build failed, waiting for other jobs to finish...
[INFO] [stdout] error[E0515]: cannot return value referencing temporary value
[INFO] [stdout]    --> src/main.rs:103:40
[INFO] [stdout]     |
[INFO] [stdout] 103 |     let db_client = warp::any().map(|| pool.clone().get_conn());
[INFO] [stdout]     |                                        ------------^^^^^^^^^^^
[INFO] [stdout]     |                                        |
[INFO] [stdout]     |                                        returns a value referencing data owned by the current function
[INFO] [stdout]     |                                        temporary value created here
[INFO] [stdout] 
[INFO] [stdout] 
[INFO] [stdout] error[E0373]: closure may outlive the current function, but it borrows `pool`, which is owned by the current function
[INFO] [stdout]    --> src/main.rs:103:37
[INFO] [stdout]     |
[INFO] [stdout] 103 |     let db_client = warp::any().map(|| pool.clone().get_conn());
[INFO] [stdout]     |                                     ^^ ---- `pool` is borrowed here
[INFO] [stdout]     |                                     |
[INFO] [stdout]     |                                     may outlive borrowed value `pool`
[INFO] [stdout]     |
[INFO] [stdout] note: function requires argument type to outlive `'static`
[INFO] [stdout]    --> src/main.rs:103:21
[INFO] [stdout]     |
[INFO] [stdout] 103 |     let db_client = warp::any().map(|| pool.clone().get_conn());
[INFO] [stdout]     |                     ^^^^^^^^^^^^^^^^^^^^^^^^^^^^^^^^^^^^^^^^^^^
[INFO] [stdout] help: to force the closure to take ownership of `pool` (and any other referenced variables), use the `move` keyword
[INFO] [stdout]     |
[INFO] [stdout] 103 |     let db_client = warp::any().map(move || pool.clone().get_conn());
[INFO] [stdout]     |                                     ^^^^^^^
[INFO] [stdout] 
[INFO] [stdout] 
[INFO] [stdout] error: aborting due to 2 previous errors
[INFO] [stdout] 
[INFO] [stdout] 
[INFO] [stdout] Some errors have detailed explanations: E0373, E0515.
[INFO] [stdout] 
[INFO] [stdout] For more information about an error, try `rustc --explain E0373`.
[INFO] [stdout] 
[INFO] [stderr] error: build failed
[INFO] running `Command { std: "docker" "inspect" "1a253af33cb774eb17c0cde38c79dbaa1ec1a645c48113a1ae7489444e19ea3c", kill_on_drop: false }`
[INFO] running `Command { std: "docker" "rm" "-f" "1a253af33cb774eb17c0cde38c79dbaa1ec1a645c48113a1ae7489444e19ea3c", kill_on_drop: false }`
[INFO] [stdout] 1a253af33cb774eb17c0cde38c79dbaa1ec1a645c48113a1ae7489444e19ea3c
